s**2 + 0*s - 3 + 7*s + 3*s - 11*s. Suppose 4 = 4*m + 3*u, -2*m + 3*u - u = 12. Let i(k) = k**2 + k + 1. Let y(v) = m*i(v) - p(v). Give y(1).
5
Let d = -13 - -15. Let s(z) be the first derivative of -5*z - 9*z**2 + 7*z**2 + d*z + 0*z + 9. Determine s(-4).
13
Let u(q) = -3*q**2 + 18*q - 3. Let a be u(6). Let b(z) = z**2 + z + 2. Give b(a).
8
Let j(r) = -10*r**2 + r + 1. Let l(a) be the third derivative of -3/2*a**3 + 4*a**2 + 1/12*a**4 + 0 + 0*a. Let o be l(4). Calculate j(o).
-10
Let x(r) = -2*r - 7. Suppose 16*q = 44 - 140. Determine x(q).
5
Let d(a) be the first derivative of -a**3/3 - 3*a**2/2 - 12*a - 17. What is d(-5)?
-22
Let a be (-2)/(-6)*(2 + 1). Let g(j) be the first derivative of -23*j**3/3 + j**2 - j + 149. What is g(a)?
-22
Let d = -59 + 59. Let k(j) = -j**2 + 8*j**3 + 10 + 0*j - 9*j**3 + j + d*j**3. Give k(0).
10
Let u(t) = -1 + 5 + 7*t - 5. Let g = -8 - -9. Calculate u(g).
6
Let x(d) = -d**3 - 6*d**2 - 10*d - 2. Let t be x(-4). Let c(v) = v**2 - 3*v - 12. What is c(t)?
6
Suppose 4*h - r = 18, 3*h + 4*r + 9 = r. Let d(m) = 9*m + 0 - 3 + 1. Calculate d(h).
25
Let t(v) be the first derivative of -v**2 + 4*v - 38. Give t(-4).
12
Let z(w) be the first derivative of -w**4/6 - 2*w**3/3 + w**2/2 + 9*w - 6. Let p(f) be the first derivative of z(f). What is p(-3)?
-5
Suppose 6*l - 14*l = -576. Let k be (-96)/(-15) - (l/(-20) + 4). Let v(u) = u**3 - 5*u**2 - 7*u + 8. Calculate v(k).
2
Suppose 4*o - 2*s + 3*s = 35, -4*s = -o - 4. Let q(j) = -o - 71*j - 1 + 70*j. Give q(-10).
1
Let x(q) be the first derivative of -q**5/120 - 5*q**4/24 + 20*q**3/3 + 3. Let a(b) be the third derivative of x(b). Calculate a(-4).
-1
Let d(w) = -2*w. Let g(v) = -3*v - 33. Let m(q) be the first derivative of -q**2/2 - 16*q - 6. Let l(s) = -3*g(s) + 7*m(s). Let y be l(7). Determine d(y).
-2
Let c(f) = -4*f - 6. Suppose 85*q = 74*q - 33. Determine c(q).
6
Let f(a) = 9 - a + 6 - 21 + 10. Determine f(4).
0
Let d = -36 - -42. Let v(w) = 0*w**2 + 5*w**2 + w**3 - d - w - 7*w. Suppose 2*x = -7 - 5. Determine v(x).
6
Let j(o) = o**2 - 2*o + 2. Let v be j(3). Let b(q) = q + 1. Let k(f) = -3*f + 2 + 5*f + 3 + 0*f. Let w(m) = 4*b(m) - k(m). Determine w(v).
9
Let m(k) = k**2 - 2*k - 5. Let w(p) = p**3 - 7*p**2 - 7*p - 14. Let o be w(9). Let r be (16/(-10))/((-34)/o). Determine m(r).
3
Suppose -4*m = -9*m + 50. Let k = 12 - m. Let j(y) = -1. Let v(q) = 3*q**2 - 2*q - 3. Let t(d) = -3*j(d) + v(d). Determine t(k).
8
Let r(z) = -3*z**2 + 2*z - z - 4*z - 6 + 4*z**2. Let i(b) = -3 - 4*b + 8 + 2*b**2 - b**2. Let y be i(4). What is r(y)?
4
Suppose 11*s - 5*s + 108 = 0. Let n be (-15)/6*s/15. Let p(o) = o**2 - 4*o + 3. Determine p(n).
0
Let r(m) = -46*m + 28. Let y(n) = 10*n - 6. Let j(l) = 3*r(l) + 14*y(l). Let w(h) = h + 2. Let i be w(-3). Determine j(i).
-2
Let q(y) = 11*y**3 + 2*y**2 - 2*y + 1. Let r be q(1). Let h be ((-4)/(-8))/(3/r). Let p(o) = 10*o**2 - 17*o**2 - 5*o + 8*o**2 + h. Give p(2).
-4
Let d(c) = 12 + 0*c + 2*c - 3*c. Suppose v - 3*v + 4*k + 24 = 0, 0 = -v + 3*k + 15. Determine d(v).
6
Let w(q) = -q**3 + 5*q**2 + 11*q + 4. Let z be 36/(90/10) - -3. Calculate w(z).
-17
Let s(z) = -3*z**2 + 3*z - 1. Let v be -1*(-2 - 6/(-2)). Let a(h) = -h**2. Let d(w) = v*s(w) + 5*a(w). What is d(-4)?
-19
Let p(a) = -133 - a**2 + 0*a**2 + 51 + 45 + 44. What is p(6)?
-29
Let k be 0/(4 - -4) + -4. Let c(x) = -x**2 - 6*x - 8. What is c(k)?
0
Let c(p) = p**3 - 14*p**2 + 11*p + 11. Let i(u) = 2*u**2 - 2*u. Let k(b) = c(b) + 4*i(b). Calculate k(5).
1
Let s be 2/(-2) - (2 - 3). Let k(f) = 2*f**3 - f**2 - 2*f. Let u be k(2). Let c(l) = u*l - 6*l - 3*l - 2. Determine c(s).
-2
Let w(p) = p**3 - 5*p**2 - 4*p - 1. Let j(u) = u**3 - 9*u**2 + 2. Let v be j(9). Let l(y) = y**3 - 4*y**2 - 3*y - 1. Let h(n) = v*w(n) - 3*l(n). Determine h(2).
3
Let t(g) = g**3 - 6*g - 8. Let z(m) = -2*m**3 - m**2 + 13*m + 16. Let a(b) = 13*t(b) + 6*z(b). Let d be 0 + -4 - -3 - (-3)/1. Suppose -d*n + 18 = n. Give a(n).
-8
Let p(f) be the first derivative of -f**3/3 - 2*f**2 - 2*f + 166. Calculate p(-4).
-2
Let m(c) = -c**3 + 4*c**2 - 2*c + 4. Let q be (2 + -6)*9*1/(-4). Let f be (q/(-3) - 0) + 7. Calculate m(f).
-4
Let p be (-42)/(-8) - (-5)/(-20). Let j(z) = 5*z - 2*z**2 + 2*z - p + 2*z**2 + z**2. Let o(k) = k**2 + 5*k - 2. Let d be o(-4). Calculate j(d).
-11
Suppose 2*g = 4*g + 5*j, 4*g + 2*j = 0. Let s(b) = g - 1 - 6 + 0*b**2 - 5*b + b**2. What is s(5)?
-7
Let u(q) = q**3 - 62*q**2 - 61*q - 125. Let v be u(63). Let f(k) = -17*k**2 - k. Determine f(v).
-18
Let h(l) be the second derivative of l**5/20 + 5*l**4/12 - l**3/2 + 5*l**2/2 + l - 4101. Suppose -21 = 2*a - 9. What is h(a)?
-13
Let y(u) = -5*u**2 - 10*u + 7. Let q(t) = 4*t**2 + 10*t - 9. Let b(w) = -4*q(w) - 3*y(w). What is b(-11)?
4
Let o(w) = -6*w + 22. Let u(b) = -b + 4. Let n(x) = 2*o(x) - 11*u(x). Give n(-9).
9
Let q(t) = -t - 4. Let m be q(-6). Let c(p) be the first derivative of -p**2 - 3 + p + 2 + m*p**2 - 2*p. What is c(-3)?
-7
Let w be -6*((-75)/(-9) - 8). Let t(x) = -3*x**2 - 3*x - 3. What is t(w)?
-9
Let o(c) be the second derivative of -c**4/12 + 11*c**3/6 - 8*c**2 + 2*c + 12. Determine o(11).
-16
Let y(u) = -u**3 + u**2 + u. Let v(b) = -b - 16. Let w(x) = 17*x**3 + x**2 - x - 1. Let l be w(-1). Let h be v(l). What is y(h)?
0
Let j(t) = -t**2 - 10*t - 3. Let f = -969 + 956. Give j(f).
-42
Let n(o) = o**2 - 14*o + 6. Suppose -2*y - 5*r + 0 = -3, 0 = 2*r + 10. Calculate n(y).
6
Let z = -9 + 7. Let j(a) = 3*a**2 - 19*a - 15. Let g(s) = s**2 - 6*s - 5. Let r(f) = z*j(f) + 7*g(f). Determine r(5).
0
Suppose 6 = r - 0*r. Let u(n) = -14*n**3 + 13*n**2 + 41*n + 22. Let v(d) = -5*d**3 + 5*d**2 + 14*d + 8. Let j(x) = 6*u(x) - 17*v(x). Determine j(r).
8
Let z(l) = -l**3 - 5*l**2 - 2*l + 1. Let r(a) = -2*a**2 - 2*a - 1. Let o = 25 + -27. Let x be r(o). Determine z(x).
11
Suppose 17 = -4*y + b - 36, 3*y + 3*b + 51 = 0. Let d(n) = -n**3 - 13*n**2 + 14*n - 3. Give d(y).
-3
Let l(s) = 2 + 11*s**2 - 18*s**2 - 1 + 9*s**2. Let d(a) = a**2 - a. Let j(v) = 3*d(v) - 2*l(v). Calculate j(-4).
-6
Let q(p) be the first derivative of p**4/4 - 4*p**3 - 13*p**2/2 - 3*p + 22. Determine q(13).
-3
Let x(l) = -10*l - 18*l + 22*l + 3 - 7*l**2 - l**3 + 1. Let c be (12/9)/((-1)/(-6)). Let a be 12/c*(1 - 5). Determine x(a).
4
Let j(h) be the first derivative of h**3/3 - 3*h**2 + 3*h - 84. What is j(5)?
-2
Suppose 2 = 27*v - 28*v. Let k(g) = g**2 + 6*g + 4. Let x(s) = -s**2 - 6*s - 4. Suppose 0*f - 6 = 2*f. Let w(c) = f*k(c) + v*x(c). What is w(-6)?
-4
Let b(g) = -8*g + g**2 + 3 + 22*g - g - 8*g. Let r(m) = m**2 + 3*m - 3. Let p be r(-3). Determine b(p).
-3
Let o(z) = -z**2 - 12*z + 11. Suppose 0 = -198*k + 203*k + 60. What is o(k)?
11
Let i(y) = -5 - 3 + 3*y + 10 - 4*y. What is i(-1)?
3
Let y(k) be the third derivative of -3*k**4/8 - 379*k**2. Let p be (3/(-2))/((-1)/(-6)). Let g be 2/6 + 12/p. Give y(g).
9
Suppose 11 - 3 = 4*s. Let w(t) = 8 - 9 - t + 2*t + s*t. Give w(1).
2
Let s(x) = -2 - 2 - 12*x**2 + 13*x**2 + 3*x + 0*x - 2. Calculate s(-6).
12
Let f = 800 + -802. Let j(h) = -8*h + 2. Give j(f).
18
Let r = -53 + 57. Let x(m) = 2 - r*m + 6 + 2*m**2 - 5 - 3*m**2. Determine x(-5).
-2
Let l(v) = 5. Let n(d) = d + 2. Let g(a) = 3*l(a) - 2*n(a). Determine g(9).
-7
Let i(t) = -t + 3. Let j be 3 + 0 + ((-5)/(-1) - 2). Give i(j).
-3
Suppose 3*n - 48 - 46 = -q, -3*n - 2*q = -98. Suppose -14*r + 11*r = -n. Let w(z) = -2*z + 15. Calculate w(r).
-5
Let z(g) be the second derivative of -g**5/20 - 5*g**4/12 - g**2/2 + 9*g. Let i = 17 - 22. What is z(i)?
-1
Let a(x) = -16*x + 11. Let y(o) = 9*o - 6. Let z(g) = 4*a(g) + 7*y(g). Calculate z(-12).
14
Let c(p) = 5*p - 2. Let z(w) = -1. Let f(y) = -c(y) + 3*z(y). Let r(h) = -h**3 + 11*h**2 - 9*h - 9. Let k = -37 - -47. Let l be r(k). Give f(l).
-6
Let r(u) = -u**2 + 9*u + 9. Let s be r(7). Suppose -5*x - s = -3. Let n = x + 7. Let o(v) = -v**3 + 4*v**2 - v - 4. Calculate o(n).
2
Let d = 808 + -807. Let q(r) = -3*r**3 - 4*r + 3. Determine q(d).
-4
Let d(j) = -15 + 29 - j - 30. Let u(c) = c + 17. Let t(z) = 4*d(z) + 3*u(z). Give t(0).
-13
Let s(l) = 19 - 5*l + 13 - 40. Let k(i) = i + 1. Let w(u) = -3*k(u) - s(u). Suppose z + 2 = -f, -2*f + 4*f = 5*z + 31. What is w(z)?
-5
Let n = -21 - -26. Suppose -2*w = n*h - 29, -4*h = -6*h + w + 8. Let z(d) = d**3 -